Give m(10).
64
Let b(k) = k**2 - 12*k - 293. Determine b(24).
-5
Let a(b) = b**2 - 55*b + 501. Calculate a(11).
17
Let q(n) = n**2 + 37*n - 116. Calculate q(-40).
4
Let r(j) = j**3 - 29*j**2 + 190*j - 54. Give r(18).
-198
Let v(f) = -f**2 + 98*f - 421. What is v(94)?
-45
Let v(u) = 310*u + 1548. What is v(-5)?
-2
Let x(c) = -c**2 - 111*c - 1451. Calculate x(-15).
-11
Let g(u) = u**3 - 9*u**2 - 1038*u + 76. What is g(37)?
2
Let q(d) = 379*d - 6044. Give q(16).
20
Let h(t) = -2642*t + 42271. What is h(16)?
-1
Let b(r) = -382*r - 1841. Calculate b(-5).
69
Let x(k) = -k**2 + 82*k - 1129. What is x(30)?
431
Let j(h) = 4*h**3 + 83*h**2 + 61*h - 19. What is j(-20)?
-39
Let t(m) = 30*m - 1039. Calculate t(34).
-19
Let a(h) = -h**3 - 8*h**2 - 657. Give a(0).
-657
Let f(g) = 3*g**3 - 3*g**2 + 4*g + 10. Calculate f(3).
76
Let j(n) = -2*n**2 - 66*n + 67. Give j(-33).
67
Let o(j) = -30*j - 1152. What is o(-38)?
-12
Let g(i) = -53*i**2 - 4. Give g(2).
-216
Let s(v) = v**2 + 43*v + 256. Calculate s(-31).
-116
Let x(j) = -j**2 + 7*j + 17. What is x(-11)?
-181
Let m(r) = -21*r - 34. What is m(-7)?
113
Let u(p) = -306*p + 3662. What is u(12)?
-10
Let v(c) = c**3 + 62*c**2 + 963*c + 90. Give v(-30).
0
Let g(t) = -t**3 - 80*t**2 + 128*t - 2960. Determine g(-82).
-8
Let i(z) = 5*z**2 + 186*z + 335. What is i(-36)?
119
Let m(x) = -30*x**2 + 38*x + 2. Determine m(2).
-42
Let j(m) = 2*m**3 + 28*m**2 + 29*m + 13. Give j(-4).
217
Let r(u) = -u**3 - 72*u**2 - 76*u - 353. Give r(-71).
2
Let t(n) = -430*n - 3437. Determine t(-8).
3
Let t(q) = -q**2 + 42*q + 368. Give t(49).
25
Let o(l) = -40*l**3 - 40*l + 42. Give o(1).
-38
Let q(g) = -3187*g + 3164. Give q(1).
-23
Let k(c) = c**2 - 37*c - 306. What is k(-7)?
2
Let r(q) = -20*q + 519. What is r(17)?
179
Let v(u) = -2215*u - 8865. What is v(-4)?
-5
Let r(f) = 885*f - 146033. Determine r(165).
-8
Let j(n) = 2*n**3 - 35*n**2 + 15*n - 81. What is j(17)?
-115
Let y(h) = -22*h - 531. Calculate y(-8).
-355
Let f(l) = -100*l - 365. Determine f(-4).
35
Let r(h) = 9295*h + 18571. Determine r(-2).
-19
Let o(f) = 52*f - 591. Calculate o(12).
33
Let o(z) = -z**3 - 13*z**2 + 25*z + 141. Determine o(-14).
-13
Let b(p) = -p**2 - 42*p + 133. Give b(-42).
133
Let p(q) = -143*q + 3107. Determine p(22).
-39
Let y(j) = -2*j**2 + 21*j - 63. Calculate y(4).
-11
Let k(u) = -u**3 - 17*u**2 + 60*u + 74. Give k(4).
-22
Let d(j) = -j**2 - 50*j + 264. What is d(5)?
-11
Let l(o) = -o**3 + 39*o**2 + 13*o - 3219. Determine l(37).
0
Let u(k) = -2*k**2 - 60*k - 495. Calculate u(-13).
-53
Let g(y) = -y**3 - 43*y**2 - 234*y - 1702. Determine g(-38).
-30
Let g(q) = q**2 + 29*q - 44. Determine g(-34).
126
Let m(u) = -3*u**2 + 44*u - 160. Give m(7).
1
Let q(t) = -t**3 - 14*t**2 + 80*t + 1202. Give q(-14).
82
Let r(p) = -p**3 - 15*p**2 - 48*p - 50. What is r(-2)?
-6
Let k(q) = 3*q**3 + 48*q**2 - 166*q + 90. Determine k(-19).
-5
Let m(x) = 5*x**2 - 480*x - 965. Give m(-2).
15
Let u(d) = -d**3 - 11*d**2 + d - 22. What is u(-11)?
-33
Let t(c) = 4*c**2 + 11*c - 12. Determine t(-9).
213
Let y(h) = -34*h - 878. Determine y(-26).
6
Let d(m) = m**2 + 56*m + 430. What is d(-46)?
-30
Let v(z) = 38*z + 244. Calculate v(-8).
-60
Let t(z) = -279*z - 1667. Give t(-6).
7
Let b(z) = 2*z**3 + 45*z**2 + 26*z + 135. What is b(-22)?
47
Let m(j) = 2*j**2 - 128*j + 1162. Determine m(53).
-4
Let s(c) = -2*c**2 + 23*c - 53. Determine s(10).
-23
Let x(v) = v**3 - 15*v**2 - 18*v - 5. What is x(16)?
-37
Let y(i) = i**2 + 23*i + 25. Calculate y(-9).
-101
Let y(n) = 7*n**2 + 31*n - 1. Determine y(-4).
-13
Let h(y) = -5*y**2 - 27*y - 16. What is h(-5)?
-6
Let l(r) = -3*r**3 + 39*r**2 - 5*r + 13. Determine l(13).
-52
Let x(g) = g**3 + 30*g**2 - 39*g - 285. Determine x(-31).
-37
Let s(z) = -z**3 - 53*z**2 - 221*z - 1228. What is s(-49)?
-3
Let d(s) = s**2 + 70*s + 1012. Calculate d(-20).
12
Let d(w) = -w**2 - 3*w + 504. Determine d(-24).
0
Let v(k) = k**3 - 2*k**2 - 55*k + 2. Determine v(-6).
44
Let u(m) = 23*m**3 - 4*m**2 - 39*m - 40. Calculate u(-1).
-28
Let i(u) = -5*u**2 - 1115*u + 3379. Give i(-226).
-11
Let r(g) = 112*g + 3944. Calculate r(-36).
-88
Let v(i) = 97*i - 1295. Determine v(13).
-34
Let f(a) = -3*a**3 + 31*a**2 + 29*a - 84. What is f(11)?
-7
Let b(p) = -p**2 - 21*p - 50. Calculate b(-19).
-12
Let t(g) = -547*g - 4745. Determine t(-9).
178
Let j(c) = -5*c**2 - 5*c + 115. Determine j(-6).
-35
Let x(h) = -9*h - 199. Give x(6).
-253
Let h(p) = p**3 + 3*p**2 + 3*p + 12. Determine h(-5).
-53
Let i(d) = -2*d**3 + 11*d**2 - 157*d + 767. Determine i(5).
7
Let y(w) = -2*w**3 + 35*w**2 + 5*w - 23. Give y(18).
-257
Let b(g) = 2*g**3 - 5*g - 33. What is b(0)?
-33
Let a(h) = -3*h + 8. Calculate a(7).
-13
Let z(t) = -t**3 + 28*t**2 - 190*t + 369. Give z(19).
8
Let a(r) = -r**3 + 6*r**2 - 7*r + 14. Calculate a(6).
-28
Let o(p) = -2*p**2 - 219*p - 2161. Calculate o(-11).
6
Let n(b) = -b**3 - b**2 + 3*b + 15. Calculate n(-5).
100
Let l(r) = -r**3 + 7*r**2 + 119*r + 18. Calculate l(15).
3
Let x(w) = w**2 + 35*w + 262. Give x(-24).
-2
Let x(k) = 2*k**2 - 14*k - 123. Give x(14).
73
Let z(c) = -2*c**2 + 64*c + 962. Determine z(43).
16
Let o(v) = 2*v**3 - 9*v**2 - 22*v + 115. Give o(5).
30
Let l(s) = 2*s**3 + 19*s**2 - 13*s - 35. Give l(-10).
-5
Let c(u) = u**3 + 18*u**2 + 5*u + 35. What is c(-16)?
467
Let y(w) = -223*w + 221. Determine y(1).
-2
Let d(v) = 19*v**3 + 2*v**2 + v - 6. Calculate d(-2).
-152
Let z(y) = 43*y - 108. What is z(5)?
107
Let w(n) = -n**2 + 107*n - 1613. What is w(27)?
547
Let m(z) = -z**3 + 70*z**2 + 407*z - 2406. Give m(75).
-6
Let i(n) = -n**3 - 97*n**2 + 492*n + 95. What is i(5)?
5
Let g(f) = -18*f**2 + 882*f - 106. Determine g(49).
-106
Let w(j) = j**3 - 14*j**2 + 4*j - 41. Give w(11).
-360
Let d(z) = -2*z**2 - 129*z - 207. Determine d(-63).
-18
Let f(h) = h**3 - 41*h**2 - 36*h - 146. Determine f(42).
106
Let u(i) = -11*i + 40. Give u(9).
-59
Let w(m) = -49*m + 819. Determine w(10).
329
Let k(l) = 3*l**2 + 33*l - 207. Give k(14).
843
Let g(j) = -2*j**3 - 37*j**2 - 15*j - 31. Calculate g(-16).
-1071
Let s(j) = -2*j**3 - 29*j**2 + 20*j + 77. What is s(-15)?
2
Let x(m) = -439*m**2 + 12*m - 14. Calculate x(1).
-441
Let f(z) = 2*z**3 - 49*z**2 + 21*z + 59. What is f(24)?
-13
Let p(j) = -9*j - 1093. Calculate p(-120).
-13
Let f(b) = b**3 - 59*b**2 + 141*b - 1527. What is f(57)?
12
Let t(i) = i**2 + 6*i - 52. Calculate t(-7).
-45
Let b(i) = -69*i**3 + 2*i**2 - 2*i - 5. Give b(-1).
68
Let r(t) = -89*t + 6030. Determine r(68).
-22
Let y(a) = -a**2 - 9*a + 13. Give y(-9).
13
Let h(a) = 57*a**2 - 402*a + 92. Determine h(7).
71
Let n(j) = -522*j - 2642. Calculate n(-5).
-32
Let y(p) = 38*p + 257. Calculate y(-7).
-9
Let i(f) = -44*f - 29. Calculate i(13).
-601
Let q(g) = -2*g - 40. What is q(-35)?
30
Let g(n) = 2*n**3 + 345*n**2 - 243*n - 12100. Calculate g(-173).
10
Let h(q) = q**3 - 175*q**2 - 210*q + 5993. Give h(176).
9
Let x(j) = -j**3 - 7*j**2 + 48*j + 183. Determine x(-10).
3
Let j(d) = -d**2 - 13*d + 432. Determine j(-30).
-78
Let b(j) = 52*j - 4473. What is b(85)?
-53
Let t(h) = -181*h + 338. Calculate t(2).
-24
Let b(k) = k**3 - 31*k**2 + 27*k + 35. Determine b(30).
-55
Let t(b) = 2*b**2 - 8*b - 12. Calculate t(-3).
30
Let g(i) = -i**3 + 7*i**2 - 12*i + 21. Give g(4).
21
Let x(z) = 3*z**3 - 298*z**2 + 103*z - 390. What is x(99)?
6
Let q(x) = x**3 - 4*x**2 - 2*x + 26. Give q(6).
86
Let l(u) = 2*u**2 - 14*u - 28. Determine l(14).
168
Let w(l) = 706*l + 51540. Determine w(-73).
2
Let c(m) = 84*m + 513. Calculate c(-6).
9
Let h(x) = -x**3 + 49*x**2 + 96*x + 329. Determine h(51).
23
Let k(h) = h**3 + 42*h**2 + 111*h - 13. Give k(-39).
221
Let m(j) = 273*j - 565. Determine m(2).
-19
Let x(r) = 128*r - 247. Determine x(2).
9
Let g(p) = 21*p. Determine g(-5).
-105
Let c(l) = -l**3 + 3*l**2 - 3*l - 7. Calculate c(0).
-7
Let c(b) = -b**3 + 11*b**2 + 81*b - 3. Give c(16).
13
Let p(g) = -g**2 - 20*g - 120. What is p(-19)?
-101
Let b(v) = -3*v**2 + 361*v - 1406. What is b(4)?
-10
Let v(k) = 40*k**2 + 69*k - 29. Determine v(-3).
124
Let v(k) = 317*k - 284. Determine v(1).
33
Let i(d) = -d**3 + 116*d**2 + 2715*d - 100. Give i(-20).
0
Let d(b) = 2*b**2 + 45*b + 288. Give d(-6).
90
Let y(j) = j**3 - 13*j**2 + 22*j - 16. Determine y(10).
-96
Let k(h) = -h**3 + 6*h**2 + 22. Determine k(9